k be 5/(1 + (-2 - 0)). Let b(s) = -s**3 - 9*s + 12. What is the hundreds digit of b(k)?
1
Suppose 3*y - 112 = -7. What is the tens digit of 2515/y*1 + (-2)/(-14)?
7
Let v be (-30)/(-9) + 4/(-3). Suppose q - 3*o = v*q - 128, o = q - 128. What is the units digit of q?
8
Let l(f) = 61*f**2 - 5. What is the units digit of l(-3)?
4
Suppose 2*v + 2*i + 140 = -3*i, 4*v + 2*i + 248 = 0. Let a = 105 + v. What is the units digit of a?
5
Let v(x) = -6*x + 537. What is the tens digit of v(58)?
8
Let a(v) = -v - 4. Let w be a(-7). Suppose 18 = c - 3*y, 0*c - 1 = w*c + 2*y. Suppose -q = -4*z - c*q + 266, 108 = 2*z - 4*q. What is the tens digit of z?
6
Let k be 656/64 - 2/8. Let c = 7 - k. Let g = c + 5. What is the units digit of g?
2
Let k = -3 - -51. Let t = -28 + k. What is the tens digit of t?
2
Let q(j) = -19*j - 6. Let k be q(-4). Let f(o) = -k*o**3 + 71*o**3 - 3*o**2 - 3*o - 5 + 5*o. What is the tens digit of f(5)?
5
Let z(w) = -5*w**2 + 6*w - 21. Let q(r) = -26*r**2 + 30*r - 106. Let c(m) = 3*q(m) - 16*z(m). What is the tens digit of c(7)?
7
What is the units digit of 624 - (-1)/2*(-5 + 5)?
4
Suppose -4*x - 25 + 925 = 0. What is the hundreds digit of x?
2
Suppose g + 2*g - 147 = 3*h, 0 = g - 2*h - 51. Suppose t - 8 = g. Suppose i + 18 = t. What is the units digit of i?
7
Suppose 5*m - 15 = 0, 2*f - 208 - 48 = 2*m. Suppose -f*j + 472 = -129*j. What is the units digit of j?
6
Suppose -3*j = -0*y + 4*y - 1944, 0 = -5*j. What is the units digit of y?
6
Suppose 2*l = -l - 5*r, 2*r = -4*l. Let w be -1 - 1*(0 - 13). Suppose -2*u - 60 = -q, -4*u + l = w. What is the tens digit of q?
5
Suppose 0 = -3*t - 68 - 16. Let g = t - -34. What is the tens digit of (792/(-60))/(g/(-20))?
4
Suppose 2*w - 4832 = 2*z, 0 = -4*w - 2*z + 3461 + 6191. What is the hundreds digit of w?
4
Let p(s) = s**3 + 10*s**2. Let d be p(-10). Let z = d - 1. What is the units digit of 0 + 3 - 1 - z?
3
Suppose 10 = -6*b + 16. Suppose 4*i + 2*n = -3*n - 1, -3*i - b = 4*n. What is the units digit of i?
1
Suppose m = -0 + 2. Suppose 2 + m = x. Suppose 0*w - 160 = -x*w. What is the units digit of w?
0
What is the hundreds digit of (-168237)/162*(0 + -2)?
0
Let y = 7270 - 2372. What is the units digit of y?
8
Let d(v) = 38*v - 5. Let l be d(5). Suppose -8*p = -3*p - l. Suppose -3*g + p = -i, -g + 0*g + 5 = -4*i. What is the units digit of g?
3
Let y be ((-3)/(-2))/((-12)/32). Let g be 6*1/y*-2. Suppose -42 = -g*z + 18. What is the tens digit of z?
2
Let v be 4 - 6 - (4 - 4). What is the tens digit of v/(-4) + 612/8?
7
Let t(g) = g**3 - 5*g**2 + g + 4. Let x be t(5). Let o = 10 - x. Suppose 0 = -2*z + s + 26 + o, -5*z - s + 85 = 0. What is the tens digit of z?
1
Suppose 4 = -2*y - 2*y. Let o be -2*(y - (-2 + 2)). Suppose -o*b = 4*a - 118, 2*b - 137 = -b + 2*a. What is the units digit of b?
9
Let k be (12/8)/(2*9/24). Let r = -5 - -9. Suppose 0 = -k*x + 5*s + 68 - 19, 0 = r*x - 3*s - 77. What is the units digit of x?
7
Let m(s) = 5 - 2 - 1 + 4*s. Let l be m(-1). What is the units digit of ((-18)/(-8))/(l/(-16))?
8
Let k be -1*(2 + -5) - -1. Let y = -2 + k. Suppose -f - 48 = -y*f - 2*j, 3*f = 3*j + 171. What is the tens digit of f?
5
Suppose 0 = -z + 5*b + 27, -5*b - 17 = -2*z + 6*z. Suppose 0 = -p - 5, -3*j + z*j - p = 7. What is the tens digit of (-1 - 6/j) + 46?
4
What is the units digit of ((-17)/(-3))/((-8 + 4)/(-276))?
1
Suppose -2*q - 417 = -3*q. What is the tens digit of q?
1
Let a = 829 + -387. What is the tens digit of a?
4
Suppose 3*w - 7 - 2 = 0. What is the hundreds digit of 1056/9 + ((-2)/2)/w?
1
Let d(o) = 2*o**3 + 4. Let r be d(-2). Suppose 3 = -2*j - 1, -3*x + 76 = 4*j. Let l = x + r. What is the tens digit of l?
1
Let j(m) = 0*m + 50*m**2 + 2*m + 45*m**2 + 2 + 0*m. What is the units digit of j(-1)?
5
Suppose 0 = -2*x + x + 11. Suppose x*g + 1590 = 17*g. What is the units digit of g?
5
Let m be (3 - (-7)/(-2))*0. Let g(w) = w + 6. Let s be g(m). Let t = 17 - s. What is the tens digit of t?
1
Suppose y = 2*y - 5*s - 20, -s - 4 = y. What is the units digit of 216 + y + -2 + 4?
8
What is the hundreds digit of (-531 + 0)/3*2080/(-156)?
3
Let k(v) = 2*v**2 - 3*v - 31. Suppose -17 = -n - 11. What is the tens digit of k(n)?
2
Let q(i) = 2*i**2 + 3*i + 9. Let y be q(-7). Let h = -1 + y. What is the units digit of h?
5
Let r(c) = 4*c**2 + 4*c - 4. Let b(v) = -v**2 + v - 1. Let n(x) = 5*b(x) + r(x). Let f be n(8). What is the units digit of (4/(-6) - f)*27?
9
Suppose 296 = 2*f + 6*f. Let a = f + -33. What is the units digit of a?
4
Suppose -4*n + 107 = 91. Suppose -377 = 4*r - 9*r - 4*s, -n*r + 289 = -s. What is the units digit of r?
3
What is the hundreds digit of (-4137)/(-7) + 3 - 6/(-6)?
5
Let x(i) be the first derivative of 14*i**2 - 11*i - 11. What is the hundreds digit of x(5)?
1
Let m be (-3)/3 + 12/8*2. Suppose -3 = -3*t, -4*l - 4*t + m*t + 390 = 0. What is the tens digit of l?
9
Suppose 27*y - 25*y = -8220. What is the hundreds digit of (-285)/(-55) + -5 + y/(-22)?
1
Suppose 9 = 2*c + 7. Suppose -y - 5 = 3. What is the tens digit of y/(1/(-6)*c)?
4
Let b be (-2 - -1)/(1360/(-1365) - -1). What is the tens digit of (-20)/4 - (b - 1)?
6
What is the tens digit of (-86 + -10018)*2/(-8)*2?
5
Suppose -4*a - 14 = -3*g - 0*a, -3*g - 2 = 4*a. What is the tens digit of (75/(-9))/(g/(-6))?
2
Let n(f) be the third derivative of -f**5/40 - 7*f**4/12 + f**3/2 + 3*f**2. Let i(g) be the first derivative of n(g). What is the tens digit of i(-11)?
1
Let x(m) = -m**2 - 7*m + 36. What is the units digit of x(-10)?
6
Let o be ((-11)/(165/(-10)))/((-2)/(-12)). Suppose -o*w + 1600 = 12*w. What is the units digit of w?
0
Let k = -1530 - -3527. What is the units digit of k?
7
Suppose 4*d + 8 = 0, 29 - 13 = 3*y + d. What is the units digit of y/4*(-624)/(-36)?
6
Let t = -27 + 40. Let l(w) = w - 10. Let n be l(t). Let j(s) = 2*s**2 - s - 7. What is the units digit of j(n)?
8
Let r = -27 - -21. Let b(h) = -7*h + 5. What is the units digit of b(r)?
7
What is the hundreds digit of 2199/(7*9/63)?
1
Let x(n) = n**3 - 7*n**2 + n - 7. Let m be x(7). Let k be (-1)/(2/(-44) + m). What is the units digit of (-2 - k)*18/(-24)?
8
Suppose -f = 7*f - 1712. What is the units digit of f?
4
Suppose 4*z - 24 + 8 = 0. Suppose -14 = z*v + 10. What is the units digit of 2334/39 + v/(-39)?
0
Suppose -8 = 4*n - 2*o, 3*n + 3*o + 16 = 7*o. Suppose k - 63 = x - 2*x, k - 3*x - 75 = n. What is the tens digit of k?
6
Suppose 0 = 3*p + 15, 5*p = -j - 4 - 19. Let z(h) = 11*h**2 - 2*h. What is the tens digit of z(j)?
4
Let j = 0 + 15. Suppose 0*l = -2*l - 3*c + j, 3*l = c + 17. What is the units digit of l?
6
Let x = 59 + 15. Suppose 2*w = 120 + x. What is the tens digit of w?
9
Let l = 13 + -16. Let a be 4 + (l - -2)*0. Suppose a*x + 5*f - 192 = 0, f - 3 = -3*x + 141. What is the tens digit of x?
4
Let j(n) be the first derivative of -5*n**4/4 + n**3 - n**2/2 - 4*n + 24. What is the hundreds digit of j(-3)?
1
Let f(q) = 24*q**2 - 5*q + 29. What is the units digit of f(6)?
3
Let k be ((-210)/9)/(4/(-6)). Let z be 7*-1*30/k. Let v(i) = i**2 + i - 6. What is the units digit of v(z)?
4
Let w = 5 - 3. Suppose c + c - 4*r - 6 = 0, -w*c + 51 = 5*r. What is the tens digit of c?
1
Let w = 92 + -90. Suppose 10*o - 1696 = w*o. What is the hundreds digit of o?
2
Suppose -t + 13 - 5 = 0. Let y be (-1)/(-4) + (-106)/t. Let a = 27 + y. What is the tens digit of a?
1
Suppose -9*v + 1895 + 4126 = 0. What is the hundreds digit of v?
6
Let a be 25/9 - (-4)/18. Let m(c) = c**2 - 10*c - 300. Let n be m(23). What is the units digit of a + n + 51 - 0?
3
Suppose 551 - 47 = 7*m. What is the units digit of m?
2
Let p = 589 + 120. Let d = -494 + p. What is the units digit of d?
5
Let a(j) = j**3 - 6*j**2 + 5*j - 1. Let x be a(4). Let q = x - -13. Suppose -3*g - 4*h + 83 = q, 3*g + 3*h - 120 = -g. What is the units digit of g?
3
Suppose -5*f = -955 + 255. Suppose n - f = 1. What is the tens digit of n?
4
Let z be 180/(-54)*(-3)/2. Suppose 5*m - 10 = 0, 398 = -v + 4*v - z*m. What is the tens digit of v?
3
Let j(m) be the second derivative of 5*m**4/12 - 2*m**3/3 - 10*m. What is the units digit of j(-2)?
8
Suppose -10*g = 1008 - 248. Let p = g + 123. What is the tens digit of p?
4
Suppose 40739 + 22303 = 21*f. What is the hundreds digit of f?
0
Suppose 4*u - 3623 